 -106 + 128. List the prime factors of s.
2, 11
Let p(g) = g**2 - 4. Let q be p(0). Let h(b) = -2*b + 3. List the prime factors of h(q).
11
Let f(v) = v**3 + 13*v**2 + 10*v - 10. List the prime factors of f(-12).
2, 7
Let v(q) = -q + 7. Suppose 0*u = -4*u. Let b be 15/3 + 0 - u. List the prime factors of v(b).
2
Let h(g) = -g**2 - 15*g + 18. Suppose -3*v - 56 = v. List the prime factors of h(v).
2
Suppose -2*f = -3*w + 885, 4*f + 1184 = 3*w + w. What are the prime factors of w?
293
Suppose -2*n + 5 = 3*f - 3, -10 = -4*n - 3*f. Suppose -x = -2*x - n. What are the prime factors of -5*x/(10/36)?
2, 3
Let z(n) = 2*n + 9. Let i be z(-6). What are the prime factors of 1*-2*(-1 + i)?
2
Let m = 21 - 60. What are the prime factors of (4/((-12)/m))/1?
13
Let c = 6 - 46. Let j be (c/6)/((-1)/3). What are the prime factors of ((-6)/(-8))/(5/j)?
3
Suppose 19 = -f - 3*z - 2*z, -2*f - 4*z - 14 = 0. Suppose 2*a - 6 = a. Suppose f = -j + a. What are the prime factors of j?
5
Let d = -18 + 10. Let c(i) = -8*i**2 + 9*i + 7. Let o(k) = -k**3 + k**2 - k. Let m(t) = c(t) + o(t). What are the prime factors of m(d)?
7
Suppose x - 195 = -4*x. Suppose -z + 0*s + 2*s = 5, 5*s - 5 = 4*z. Suppose -2*y + z*y = x. What are the prime factors of y?
13
Let w(d) be the third derivative of -d**5/60 - 7*d**4/24 + d**3/6 + d**2. Let g = 1 + -4. What are the prime factors of w(g)?
13
Let f(c) = -c**2 - c + 1. Let t(b) = -3*b**2 - 9*b + 5. Let o(q) = -6*f(q) + t(q). What are the prime factors of o(-2)?
17
Let x be (-4)/(-10) + (-78)/(-5). What are the prime factors of -2 - -4 - x/(-2)?
2, 5
What are the prime factors of 1/2 + (-54)/(-12)?
5
Suppose 0*h = -h + 2. Suppose -h*r + 3 = 1. Suppose q = 9 - r. List the prime factors of q.
2
Let t(u) = -u**3 - 6*u**2 - 5*u. Let i be t(-5). Suppose i = f - 2 - 3. Suppose -f*g + z + 12 = -3*g, 0 = -g - 2*z + 1. What are the prime factors of g?
5
Let u(x) = x**2 + 2*x + 2. Let r be u(-2). List the prime factors of r - (-6 - (-1 + -2)).
5
List the prime factors of ((-11)/((-44)/6))/(2/176).
2, 3, 11
Let k(n) be the third derivative of -2*n**2 + 0*n - 1/24*n**4 + 11/6*n**3 + 0. What are the prime factors of k(0)?
11
Let t be (-6*1)/(2/(-5)). Let d = t - 10. Suppose d*c = -3*m + 6, -c - 2*c - 3*m = 0. What are the prime factors of c?
3
Suppose h - 24 = 3*h. Let v = h + 30. List the prime factors of v.
2, 3
Let l(o) = -o - 2. Let m be l(10). What are the prime factors of ((-3)/m + 0)*44?
11
What are the prime factors of (12*(-3)/21)/(7/(-588))?
2, 3
Let s(n) = -2*n**2 - n + 3. Let r(g) = -g**2 + 4*g + 2. Let u be r(5). Let b be s(u). Let m = b + 20. What are the prime factors of m?
2
Let x = 8 - 4. Let a(t) = t**2 + 4*t + 3. Let q be a(-4). Suppose 8*o - 50 = -5*y + q*o, 0 = -x*y - o + 37. List the prime factors of y.
3
Suppose -5*t = -10, a - 4 = -5*t + 1. Let v(b) = 2*b + 6. Let m be v(a). Let k = m - -8. What are the prime factors of k?
2
Suppose -5*j - 4*n + 2*n + 76 = 0, 0 = 4*n + 8. Let d = 26 - j. List the prime factors of d.
2, 5
What are the prime factors of (-1 - (0 + -2 + -67)) + 0?
2, 17
Let l(u) = -u**3 + 4*u**2 - 2*u - 1. Let k be l(3). Suppose -g - 26 = -k*g. What are the prime factors of g?
2, 13
Let l be (-5)/(-2)*8/(-4). Let k = l - -8. Suppose -4*u + 5*r + 58 = 0, k*u + 2*r - 49 = 3*r. What are the prime factors of u?
17
Let h(q) = q - 1. Let z = 0 - -1. Suppose -17 = -4*c - 3*j, -3*c = 4*j - 3 - z. List the prime factors of h(c).
7
Let d = 41 + -26. Suppose -5*q + 3*h + d = 0, -q + 4*h - 5 = 9. Let v = q + 1. What are the prime factors of v?
7
Let a be 4/(-3)*(-7 - -10). Let x = a - 2. Let v = 13 + x. What are the prime factors of v?
7
Let x be (-3)/2*(-8)/6. Suppose 4*w = -3*v - 7, -x*w + 7 = 5*v - 0*w. Suppose -v - 6 = -d. What are the prime factors of d?
3
Let k = 6 + -8. List the prime factors of ((-16)/10)/(k/5).
2
What are the prime factors of (-355)/(-7) - 4/(-14)?
3, 17
Suppose 9 = -2*t - t. List the prime factors of 2/t*3 - -8.
2, 3
Suppose 0 = -2*i + 6*i + 216. Let b = 81 + i. What are the prime factors of b?
3
Let x(k) = k**3 - 2*k**2 + 2*k + 4. Let c be 1/((-1 - 2)/(-15)). Suppose c*z = -5*j, 4*z + 2*j + 3 = -3*j. What are the prime factors of x(z)?
19
Let l(n) = 10*n**3 - 5*n**2 + 0 + 1 - 8*n**3. List the prime factors of l(4).
7
Suppose 7*i + 54 = 10*i. What are the prime factors of i?
2, 3
Suppose 209 + 203 = 4*w. What are the prime factors of w?
103
Suppose 5*j = 3*j + 10. Suppose -4*b = 5*n + 25, 0*b + n = -b - 5. Suppose b = j*f + 5*v + 21 - 81, -v + 5 = 0. What are the prime factors of f?
7
Let f(s) = 5*s**2 + 0*s**2 - 4*s**2 - 2*s + 2*s**2 + 2. What are the prime factors of f(2)?
2, 5
Suppose 5*d + 5 = -5. Let i be 12 - ((-1 - -5) + d). Suppose 0*o - 3*o = -2*k - 1, 2*o + k = i. What are the prime factors of o?
3
Suppose -2*h + 225 = h. Suppose -5*i - 41 = 29. What are the prime factors of (-4)/i + h/7?
11
Let c(j) = 2*j**2 + 4*j - 4. What are the prime factors of c(3)?
2, 13
List the prime factors of (9/(-27))/(1/(-1062)).
2, 3, 59
Let m(f) = -30*f + 5. List the prime factors of m(-1).
5, 7
Suppose 4*c = 540 + 708. List the prime factors of c.
2, 3, 13
Let f = 68 - 46. What are the prime factors of f?
2, 11
Let x = -119 + 168. List the prime factors of x.
7
Let m be (10/(-4))/(3/(-6)). Suppose -m*r + 20 = -r. Suppose 2*v - r = v. What are the prime factors of v?
5
Let s = -62 + 135. What are the prime factors of s?
73
Let w(a) = 4*a**3 - 2*a**2 + a + 2. What are the prime factors of w(2)?
2, 7
Let g = 3 + 1. Suppose -f + 3*y = -6, 3*f - 4*y = g - 1. List the prime factors of 7 - f*(-2)/6.
2, 3
Let l be -12*-2*3/12. Let h(o) = -o + 8. What are the prime factors of h(l)?
2
Let i(j) = j**2 + 6. Suppose 2*c = -c. What are the prime factors of i(c)?
2, 3
Suppose -3*n + 7*n = 0. Suppose n = 5*y - 3*q - 60, -5*q = -8*y + 3*y + 60. List the prime factors of y.
2, 3
Let z(n) = -n**2 - 4*n - 3. Let o be z(-2). Suppose 4*r - 2*p = 14, -4*r - o = p + 2*p. Let i = 10 - r. What are the prime factors of i?
2
Let b = 47 - 28. What are the prime factors of b?
19
Let t = 107 - 53. Suppose 0 = -y - 22 + t. Let r = y + -22. List the prime factors of r.
2, 5
Suppose q + 14*d - 176 = 18*d, 0 = -4*q + 2*d + 648. What are the prime factors of q?
2, 5
Let w(s) be the first derivative of -s**4/4 - s**2/2 + 19*s + 1. Suppose -13*h = -17*h. List the prime factors of w(h).
19
Let q = 19 + 0. Suppose -v - 3*v = 40. Let s = v + q. What are the prime factors of s?
3
Let d = 5 + -3. Let y be 61/7 + 4/14. Suppose 0 = d*v - g - y, -g = -3 + 2. What are the prime factors of v?
5
Suppose 6*m - 4*m + 4*h - 106 = 0, 0 = 4*h + 16. What are the prime factors of m?
61
Let i(f) = f**2 - f + 3. Let b be 1*0/(-2 - -1). What are the prime factors of i(b)?
3
Let n = -23 - -58. What are the prime factors of n?
5, 7
Let s(n) = -n + 17. Let d be s(12). Suppose d*m = -3*k + 5*k + 16, 2*m - 4 = 2*k. List the prime factors of k.
2
Let p(g) be the third derivative of 5*g**4/24 + g**3/6 - 7*g**2. What are the prime factors of p(3)?
2
Suppose -9*v = -5*v - 368. List the prime factors of v.
2, 23
Let r = 7 - 11. Let f = r - -6. What are the prime factors of f?
2
List the prime factors of (-26 + -60)*3/(-2).
3, 43
Suppose -179 = -2*a + 3*t, 0 = -5*t - 5 - 0. Let i be a/(-9) + 4/(-18). List the prime factors of (-6)/(-5)*i/(-3).
2
Let s(u) = u**2. Let d(o) = -o**3 - 2*o**2 + 10*o + 1. Let b(c) = -d(c) + 5*s(c). Let t be b(-8). List the prime factors of (-3)/t - (-258)/15.
17
Suppose n - 8 = 2. Suppose 2*x - x - 20 = -4*i, 2*i = 3*x + n. Suppose m + v = 5, 4*m - 2*v + x*v = 26. What are the prime factors of m?
2, 3
Let l be -8 - (0/(-1) - 0). Let d = -11 - -12. Let v = d - l. What are the prime factors of v?
3
Suppose -y + 2*n + 1 = 0, 2*y - 6*y + 9 = -3*n. Suppose -y*i - 11 + 2 = 0. List the prime factors of 9/i - 0 - -12.
3
Let y(g) = 8*g + 1. Let q be y(6). Let z = -29 + q. Suppose 3*a = z + 4. List the prime factors of a.
2
Suppose -9 = -3*o, -u + 19 = -0*u + 5*o. Suppose -2*c - 10 = -u*c. List the prime factors of c.
5
Let j(h) = -h. Suppose 0 = -4*w + 4*y - 28, 2*y + 1 + 5 = -2*w. Let m be j(w). Suppose -m*k - 3 + 13 = 0. What are the prime factors of k?
2
Let w(x) = 7*x + 13. List the prime factors of w(6).
5, 11
Let o be 4/(7/(903/(-6))). Let j = -49 - o